 42190 and 20?
10
Calculate the highest common divisor of 5592 and 3935370.
1398
Calculate the highest common divisor of 149 and 646511.
149
What is the greatest common divisor of 75 and 209750?
25
Calculate the greatest common factor of 3003 and 36543.
39
Calculate the highest common divisor of 151145 and 380.
95
Calculate the greatest common factor of 440 and 2590.
10
What is the greatest common divisor of 45 and 16074?
9
What is the greatest common divisor of 9538869 and 1461?
1461
What is the greatest common divisor of 3605 and 138432?
721
What is the greatest common divisor of 10005 and 46197?
87
What is the greatest common divisor of 5600 and 6328?
56
Calculate the highest common divisor of 211331 and 3628.
907
What is the greatest common divisor of 21092 and 22?
2
What is the greatest common factor of 20405 and 16165?
265
Calculate the highest common divisor of 2800 and 29680.
560
What is the greatest common factor of 46908 and 54?
18
What is the highest common factor of 4 and 532?
4
Calculate the highest common factor of 350 and 48650.
350
What is the highest common factor of 16000 and 23680?
640
What is the highest common divisor of 21046 and 58186?
1238
Calculate the highest common divisor of 864 and 44976.
48
What is the highest common divisor of 50634 and 7830?
522
What is the highest common divisor of 123 and 3402672?
123
Calculate the highest common factor of 1280 and 980.
20
Calculate the highest common divisor of 39 and 333814.
13
Calculate the highest common factor of 116 and 2964.
4
Calculate the greatest common factor of 25620 and 540.
60
What is the highest common divisor of 2420 and 104786?
242
What is the greatest common factor of 192 and 4432?
16
What is the greatest common divisor of 6 and 16557?
3
Calculate the greatest common divisor of 24 and 1672176.
24
Calculate the highest common factor of 138 and 134941.
23
Calculate the highest common divisor of 73689 and 2310.
231
Calculate the highest common divisor of 50 and 123.
1
What is the greatest common factor of 6171 and 296450?
121
What is the highest common divisor of 30 and 245110?
10
What is the highest common divisor of 2581 and 9523?
89
What is the highest common divisor of 212 and 124444?
212
Calculate the greatest common factor of 912 and 15808.
304
What is the highest common factor of 128870 and 147?
49
What is the greatest common divisor of 77016 and 48?
24
What is the highest common divisor of 126646 and 26?
26
Calculate the highest common divisor of 3481673 and 2503.
2503
Calculate the highest common factor of 750 and 5385.
15
What is the greatest common divisor of 2009855 and 115?
115
Calculate the greatest common divisor of 418418 and 44.
22
Calculate the highest common divisor of 103255 and 4280.
535
Calculate the greatest common divisor of 1223113 and 1077.
359
Calculate the greatest common divisor of 19266 and 133.
19
What is the highest common divisor of 62398 and 28?
14
Calculate the highest common factor of 146387 and 2071.
109
Calculate the greatest common divisor of 2499 and 516117.
147
Calculate the greatest common divisor of 9506697 and 201.
201
Calculate the greatest common divisor of 23305 and 31600.
395
Calculate the greatest common factor of 59362 and 4422.
134
Calculate the greatest common factor of 102770 and 860.
430
What is the greatest common divisor of 29617 and 21?
7
What is the highest common factor of 184641 and 3?
3
What is the greatest common divisor of 540 and 26676?
108
What is the greatest common divisor of 114 and 149454?
114
What is the highest common divisor of 735 and 151725?
105
What is the highest common factor of 720 and 576?
144
Calculate the greatest common divisor of 48374 and 938.
134
What is the greatest common divisor of 2839 and 2057?
17
Calculate the greatest common divisor of 18177 and 415.
83
What is the greatest common factor of 2391 and 1653?
3
What is the greatest common divisor of 76 and 53010?
38
Calculate the highest common factor of 806 and 275776.
62
What is the greatest common factor of 875 and 5275375?
875
What is the highest common divisor of 24 and 6127680?
24
Calculate the greatest common factor of 90 and 553965.
15
What is the highest common factor of 800 and 196?
4
Calculate the greatest common divisor of 3632 and 2340824.
1816
What is the greatest common divisor of 100 and 179460?
20
Calculate the greatest common divisor of 49878 and 9792.
306
What is the greatest common factor of 18787330 and 10?
10
What is the greatest common divisor of 39 and 9003?
3
Calculate the highest common factor of 3492 and 3456.
36
Calculate the greatest common factor of 12878 and 752.
94
Calculate the highest common factor of 386 and 138767.
193
Calculate the greatest common divisor of 3450 and 273930.
690
What is the greatest common divisor of 232 and 4096?
8
What is the greatest common factor of 2306576 and 80?
16
Calculate the highest common factor of 213310 and 30326.
514
What is the greatest common divisor of 11914 and 222824?
322
Calculate the greatest common divisor of 66948 and 96.
12
What is the greatest common factor of 704 and 332880?
16
Calculate the highest common factor of 292 and 529250.
146
Calculate the highest common factor of 123 and 63304.
41
What is the highest common factor of 5208 and 1113?
21
What is the highest common factor of 1479 and 23229?
87
What is the highest common factor of 6 and 968058?
6
What is the greatest common factor of 12936 and 73941?
147
Calculate the highest common divisor of 17706 and 780.
78
Calculate the greatest common factor of 113249 and 421.
421
What is the greatest common divisor of 924 and 2215444?
308
What is the greatest common factor of 81765 and 18960?
1185
Calculate the greatest common divisor of 1044890 and 88.
22
What is the highest common factor of 1 and 197571?
1
What is the highest common factor of 114 and 37182?
6
Calculate the greatest common divisor of 16659 and 17893.
617
Calculate the highest common divisor of 497 and 78029.
497
Calculate the highest common divisor of 10884 and 156.
12
What is the greatest common factor of 77592 and 12?
12
Calculate the highest common divisor of 637 and 2646.
49
Calculate the highest common divisor of 265588 and 536.
268
What is the greatest common factor of 28 and 1621984?
28
What is the greatest common divisor of 1500435 and 75?
15
What is the highest common divisor of 59863 and 1?
1
What is the highest common factor of 26240 and 49280?
640
What is the highest common factor of 68300 and 350?
50
Calculate the highest common factor of 66 and 101772.
66
What is the highest common factor of 1246 and 616?
14
What is the highest common factor of 54 and 13581?
27
Calculate the highest common factor of 719236 and 28.
28
What is the highest common factor of 24 and 24777?
3
What is the highest common factor of 12 and 17778?
6
What is the highest common factor of 56 and 214998?
14
Calculate the highest common factor of 26445 and 2132.
41
What is the greatest common factor of 14634 and 864?
54
Calculate the greatest common factor of 7696 and 9464.
104
What is the highest common divisor of 818 and 409000?
818
Calculate the greatest common factor of 1060 and 4220.
20
Calculate the highest common divisor of 560 and 73580.
20
What is the greatest common divisor of 84051 and 81?
27
Calculate the highest common factor of 780 and 1495845.
195
Calculate the greatest common divisor of 1780 and 82240.
20
Calculate the greatest common factor of 19367 and 3439.
181
What is the highest common divisor of 9712 and 688?
16
What is the greatest common factor of 237 and 99303?
237
Calculate the greatest common divisor of 1970 and 670.
10
What is the greatest common factor of 2911 and 355?
71
What is the highest common divisor of 2943 and 2187?
27
Calculate the greatest common factor of 728 and 2051.
7
What is the highest common divisor of 231 and 924?
231
What is the highest common divisor of 1032 and 2150?
86
Calculate the greatest common divisor of 336 and 16370256.
336
Calculate the highest common divisor of 1759100 and 25.
25
Calculate the greatest common factor of 8742 and 1860.
186
Calculate the greatest common factor of 8 and 5838.
2
Calculate the highest common factor of 3225 and 1677.
129
Calculate the highest common factor of 87